 79 is divided by (-121)/(-6) - (-4)/t.
19
Suppose -2*t - 2*d + 5 = -d, -5*t + 14 = 2*d. Let s = t - 0. Calculate the remainder when 14 is divided by s.
2
Let c(m) = 9*m - 35. What is the remainder when 137 is divided by c(9)?
45
Let i = 10 + -6. What is the remainder when 2/3*6/i is divided by 1?
0
Let k(g) = 3*g**2 + 5*g - 33. What is the remainder when 104 is divided by k(4)?
34
Let t = 10 + -6. Suppose 8*p - t*c - 70 = 3*p, -4*c = p + 10. Suppose 0 = -3*i + 6*z - 2*z + 55, 2*i - 33 = -z. What is the remainder when i is divided by p?
7
Suppose 12*g = 28 + 68. What is the remainder when 2*26/4 - 1 is divided by g?
4
Let a(x) = 4*x + 4. Suppose 2*b - 5*g + 120 = 0, -7*b - 335 = -2*b + 5*g. Let c = -27 - b. What is the remainder when c is divided by a(4)?
18
Calculate the remainder when 144 is divided by 6/(2 - (-36)/(-21)).
18
Suppose 0 = 4*b - 4*f - 856, -2*b - 3*b - 4*f = -1088. Let m = b + -103. Let j = -65 + m. What is the remainder when j is divided by 17?
14
Let x be (-7 + 6)/((-1)/2). Suppose -3*d = -5*u - 57, -7*u + x*u = -4*d + 71. What is the remainder when 55 is divided by d?
13
What is the remainder when 172/12 + 6/9 is divided by 6?
3
Let p be 22/10 - 1/5. Suppose -p*h - 8 = -h. Let r(b) = -b**2 - 8*b + 8. What is the remainder when 21 is divided by r(h)?
5
Let b(s) = -s**3 + 8*s**2 - s + 20. Calculate the remainder when 107 is divided by b(8).
11
Let m(p) = p + 7. Let c be m(-4). Let n(f) = 3*f**2 + 3 + c*f**2 - f - f**3 - 5*f. Calculate the remainder when 31 is divided by n(4).
9
Suppose -197 + 27 = -5*f - 3*s, 102 = 3*f + 5*s. Let h be (-8)/(-3)*(-90)/24. Let j = h + 28. Calculate the remainder when f is divided by j.
16
Let p(a) = -a**3 - 6*a**2 - a + 7. Let o(h) = 7*h + 1. Let u be o(-1). Calculate the remainder when p(u) is divided by 5.
3
Let j(h) = h**2 + h - 8. Let c(r) = -r**3 + 11*r**2 - 11*r + 5. Let b be c(10). What is the remainder when 47 is divided by j(b)?
11
Calculate the remainder when 6 is divided by (-5)/(-1 - 6/4).
0
Let f(x) = 3*x + x**3 - 4 - 4*x**2 - 1 - x. Calculate the remainder when 9 is divided by f(4).
0
Let y = 7 + -4. Suppose 5*z + 8 = 4*v + 28, y*z - v - 5 = 0. Suppose z*n = -4*n + 28. What is the remainder when n is divided by 4?
3
Suppose 7 = 3*y - 2*n + n, 0 = -5*n + 10. Calculate the remainder when 16 is divided by y.
1
Suppose 3*w = -2*w + 25. Calculate the remainder when 14 is divided by w.
4
Let s(l) = -l + 12. Let u be s(10). What is the remainder when 51 is divided by 36*(0 - u)/(-4)?
15
Suppose -2 = 6*a - 8. Suppose 0*h - h = -1. What is the remainder when h is divided by a?
0
Let r = 54 - 36. Let o = -12 + r. Suppose 15 = 9*l - o*l. What is the remainder when l is divided by 4?
1
Suppose 0 = 2*y + 1 - 3. What is the remainder when 10 is divided by 62/10 - y/5?
4
Suppose 5*m + 5*z = 20, 0 = -4*m + z + 12 + 9. Let o(y) be the third derivative of y**4/12 - y**3/3 - y**2. Calculate the remainder when 15 is divided by o(m).
7
Suppose -3 - 21 = -4*d. Let c(s) = 10*s - 7. Calculate the remainder when c(d) is divided by 14.
11
Suppose 4*k = m - 53, -5*m - 5*k + 193 = -k. Suppose 0 = -2*x - 4*l + 46, -47 - 24 = -5*x + l. Calculate the remainder when m is divided by x.
11
Suppose -9 = -11*d + 24. Let l(m) = m**2 + 6*m + 5. Calculate the remainder when l(-6) is divided by d.
2
Let l(x) = -2*x - 10. What is the remainder when l(-7) is divided by (-1 - -3)*2 - 1?
1
Suppose 4*o + 0*o = 64. Calculate the remainder when ((-2)/(-3))/(o/696) is divided by 16.
13
Let j(s) = s - 9. Let u be j(11). Suppose 0 = -u*b - 2, 2*x - 2*b - 13 = b. Calculate the remainder when 5 is divided by x.
0
Let i = -46 + 65. Let f(r) = r**3 - 6*r**2 + r - 1. Let c be ((-72)/(-15))/4*5. What is the remainder when i is divided by f(c)?
4
Let k = 3 - 0. Let d(u) = -u**3 + 5*u**2 - u - 3. Suppose 0*a = -6*a + 30. Calculate the remainder when d(k) is divided by a.
2
Suppose -3*u - 2*u - 79 = -4*v, -76 = -4*v + 4*u. Calculate the remainder when v is divided by 10.
6
Let y = -5 + 5. Suppose y = d - 3*d + 16. Suppose -5*c + p + 21 = -92, -p = 4*c - 85. Calculate the remainder when c is divided by d.
6
Suppose 27*b - 9 = 26*b. Suppose -2*s + z + 12 = 2*s, -3*z = -2*s + 6. Suppose -63 - 36 = -s*p. What is the remainder when p is divided by b?
6
Let i(x) = 2*x**2 + 9*x - 28. Let c(v) = -v**2 - 4*v + 14. Let k(y) = 7*c(y) + 3*i(y). Calculate the remainder when 40 is divided by k(0).
12
Let w(c) = -c**2 + 6*c + 1. Let u be 23/4 - 1/(-4). Suppose 2*j + 0 - 2 = 0. Calculate the remainder when w(u) is divided by j.
0
Let i = -24 - -41. Let g(h) = -h**2 - 12*h. Let j be g(-12). Suppose -3*u = -j*a + 3*a - 12, 0 = a - u - 14. Calculate the remainder when i is divided by a.
8
Suppose -2*w + 2*u + 6 = 0, -5*w - 2*u + 4 + 11 = 0. What is the remainder when w/(-2*(-3)/32) is divided by 6?
4
Let x(o) = 2*o**2 - 38*o - 21. Calculate the remainder when x(21) is divided by 32.
31
Suppose 3*d = 2*a - 16, 3*d = -0*d - a - 28. Let w = -7 - d. What is the remainder when w is divided by 1?
0
Let w = 4 + -6. Let l be 745/9 - w/9. Suppose 0 = -5*o + 17 + l. What is the remainder when o is divided by 11?
9
Suppose 0 = 4*v - 0*v - 64. Let o(j) be the third derivative of -j**4/24 + 23*j**3/3 + j**2. Calculate the remainder when o(0) is divided by v.
14
Suppose 46*o - 44*o - 490 = 0. What is the remainder when o is divided by 19?
17
What is the remainder when 1/3*(439 - -14) is divided by 14?
11
Let p(u) = -u + 10. Let o be p(8). Suppose -2*m - 3*n + 147 = m, -o*m - n + 101 = 0. What is the remainder when m is divided by 11?
8
Calculate the remainder when 120/4 + 0/3 is divided by 12.
6
Let n be 21/(-5) + (-6)/(-30). Calculate the remainder when 41*1 + 6 + n is divided by 11.
10
Suppose 0*p + 2*p - 104 = 0. Suppose -p = -0*v - 2*v. Calculate the remainder when v is divided by 7.
5
Suppose 0 = 10*z - 8*z - 38. What is the remainder when z is divided by 12?
7
Let l be (0/2)/(-1 - 0). Calculate the remainder when 3 + l/1 - -32 is divided by 12.
11
Suppose 5*u = -3*n + 126 + 20, -2*n = 6. What is the remainder when 60 is divided by u?
29
Calculate the remainder when 44 is divided by (-6 + 1)*(4 + -6).
4
What is the remainder when (3/(-5))/(-8 - (-2232)/280) is divided by 6?
3
Suppose -46 = -3*h - 1. Suppose 2*n - 6*n = -p + 14, p + 3*n + 7 = 0. Suppose b = 0, -s + 28 = p*b + b. What is the remainder when s is divided by h?
13
Let k = -138 - -76. Let a = k - -212. Suppose 70 + a = 4*x. What is the remainder when x is divided by 19?
17
Suppose -b + 4*b - 6 = 0. Suppose o + b + 5 = 0. Let g = o - -13. Calculate the remainder when 11 is divided by g.
5
Let i = 3 + 11. Calculate the remainder when i is divided by 4.
2
Let x = -4 - 53. Suppose 3*b - 17 - 13 = 0. What is the remainder when 3/((-9)/x) + -1 is divided by b?
8
Suppose 0 = -y + 73 + 15. Suppose -y = -a - a. Let b = 7 - -8. What is the remainder when a is divided by b?
14
Suppose 27 = 4*a - 29. Suppose 5*s - 120 = -0*s. Let l = 50 - s. Calculate the remainder when l is divided by a.
12
Let k(d) = 6*d. Let b be k(-5). Let y = b - -55. Calculate the remainder when 74 is divided by y.
24
Let o(s) = 27*s**3 - s**2 - s + 1. Suppose 0 = c - 3*c + 2. Let l = -11 - -20. What is the remainder when o(c) is divided by l?
8
Suppose -5 = -5*d + 35. Let w = d - 3. Calculate the remainder when 13 is divided by w.
3
Let r = 30 - 17. Calculate the remainder when 89 is divided by r.
11
Let c(x) = x**3 - 8*x**2 + 4*x - 1. What is the remainder when c(8) is divided by 17?
14
Suppose 3*x - 27 - 9 = 0. Calculate the remainder when (-7)/(1*1/(-5)) is divided by x.
11
Let r = 2 + -47. Let o = 84 + r. Calculate the remainder when o is divided by 10.
9
Let z = 42 + -23. Suppose 0 = -4*u + u + 12. What is the remainder when z is divided by u/14 + (-136)/(-14)?
9
Let n = -8 + 11. Let o(y) = -2*y**2 + 22*y - 22*y + n*y**2 + 1. What is the remainder when o(4) is divided by 9?
8
Let a be 0/(3/(1 - 4)). Calculate the remainder when 28 is divided by 2 + (a - -2) + 6.
8
Let c be ((-2)/4)/(4/(-96)). Suppose 4*j - c = -2*p + 22, 3*p = -3*j + 45. What is the remainder when p is divided by 8?
5
Let q(j) = -11*j + 33. What is the remainder when q(-10) is divided by 18?
17
Suppose -48 = -5*c + 2*c + 4*q, -5*c - 3*q = -80. Suppose 21*d = 759 + 56